o base 9.
-3137056
Convert 12101404131 (base 5) to base 15.
1385261
-11001110110101011 (base 2) to base 4
-121312223
Convert 6217c (base 13) to base 3.
22221110201
What is -5aa1982 (base 11) in base 10?
-10617235
What is -14c517 (base 16) in base 2?
-101001100010100010111
Convert 3c3c21 (base 14) to base 4.
13331003111
Convert a6149 (base 11) to base 8.
455712
-69578 (base 15) to base 14
-8a307
6737b (base 12) to base 10
137039
What is -15b54 (base 14) in base 11?
-37934
11b065 (base 13) to base 8
1474250
What is -161771 (base 8) in base 5?
-3331421
Convert 513010540 (base 6) to base 16.
86931c
-128211 (base 9) to base 16
-1315f
ca54b (base 14) to base 8
1674007
Convert 83b35 (base 15) to base 14.
ac2c2
What is 204d3 (base 14) in base 12?
39035
ff1f (base 16) to base 3
10022120221
1252522 (base 9) to base 7
5546555
Convert -721037 (base 10) to base 15.
-e3992
-60666 (base 7) to base 8
-34634
763745 (base 9) to base 13
12c43a
-101001212220 (base 3) to base 15
-3dad9
848efe (base 16) to base 15
b69073
What is 5305052 (base 7) in base 4?
2130112202
What is 120121300301 (base 4) in base 8?
30316061
21131203303 (base 4) to base 12
9b7497
What is -43cb6a (base 15) in base 6?
-153141014
-453995 (base 10) to base 4
-1232311223
Convert -971a2 (base 11) to base 5.
-14010234
Convert -172b3 (base 16) to base 8.
-271263
7c850 (base 16) to base 10
510032
-78830 (base 10) to base 14
-20a2a
2012020300 (base 4) to base 7
4445551
110110202222110 (base 3) to base 16
6525ae
4692a93 (base 11) to base 13
1909059
Convert 10010110011001101011010 (base 2) to base 10.
4928346
What is -112283 (base 10) in base 16?
-1b69b
Convert -1111001022 (base 3) to base 4.
-13020023
-2 (base 3) to base 2
-10
Convert -1011110110010000010 (base 2) to base 4.
-1132302002
What is -2311c04 (base 13) in base 14?
-1611d71
Convert 12243320022 (base 5) to base 7.
236665100
What is -34510 (base 13) in base 14?
-26a53
Convert -112998 (base 10) to base 9.
-182003
-1822767 (base 9) to base 11
-636691
Convert -2031202001 (base 4) to base 16.
-8d881
-3d8ef (base 16) to base 3
-110210212122
1212b1 (base 15) to base 5
210131431
Convert -276beb (base 15) to base 6.
-104350035
What is 6596d3 (base 16) in base 11?
3838078
What is -687866 (base 9) in base 3?
-202221222020
Convert -110110022110222 (base 3) to base 12.
-22729b2
264a65 (base 13) to base 8
3415541
What is -12200222210 (base 3) in base 10?
-112260
Convert 1216736 (base 9) to base 2.
10100001011001010010
-336158 (base 12) to base 7
-6651404
4869e1 (base 15) to base 5
1341334421
Convert -43523511 (base 7) to base 12.
-1302906
Convert 16a489 (base 11) to base 14.
6baa8
Convert 13112032300 (base 4) to base 5.
443113224
Convert 224525413 (base 7) to base 15.
13157e7
Convert -2c128 (base 16) to base 15.
-3874a
Convert -130030110 (base 4) to base 14.
-30124
1410164 (base 8) to base 7
3243453
20bc94 (base 14) to base 13
2ca60c
What is -1634450 (base 7) in base 9?
-375712
What is -5514540 (base 6) in base 3?
-111221120120
What is 19ac4 (base 15) in base 10?
83434
Convert 101020021222 (base 3) to base 11.
128369
What is -12742852 (base 9) in base 12?
-213279b
-11001307 (base 8) to base 10
-2360007
What is -212300221 (base 5) in base 11?
-565258
3a61780 (base 11) to base 7
113425533
What is 38612 (base 11) in base 16?
d80e
What is f8451 (base 16) in base 11?
635027
-8a67 (base 15) to base 4
-13022203
-11010001010011111000 (base 2) to base 10
-857336
Convert 126301 (base 9) to base 5.
4424124
What is -26cc1 (base 15) in base 8?
-362735
What is 448a28 (base 13) in base 14?
301ca8
-10110707 (base 9) to base 7
-56134321
-103112112 (base 4) to base 13
-2a0c6
-1488095 (base 12) to base 9
-7742005
Convert 1400757 (base 8) to base 3.
202000001220
Convert -24423214 (base 7) to base 9.
-4108247
-2140227 (base 9) to base 14
-21c6dc
Convert -110050355 (base 7) to base 4.
-121023131120
What is -221102200100 (base 3) in base 11?
-312111
Convert 4a027 (base 11) to base 6.
1312515
What is -334335242 (base 6) in base 5?
-3024444144
What is 110010001110001100100111 (base 2) in base 15?
1250ca1
-20112101210 (base 3) to base 7
-1043625
Convert 37750005 (base 8) to base 2.
11111111101000000000101
Convert -568780 (base 11) to base 6.
-31220204
-180f1 (base 16) to base 8
-300361
22389e (base 15) to base 8
6163512
What is 11b2bb (base 14) in base 9?
1124553
-12a7a57 (base 12) to base 4
-32020130203
What is 1001111001101000111111 (base 2) in base 8?
11715077
What is 112021010 (base 4) in base 5?
10400232
What is 23025221 (base 6) in base 4?
2223301231
Convert -2151a (base 12) to base 15.
-d047
Convert 1014429 (base 10) to base 6.
33424233
Convert -3dd220 (base 16) to base 13.
-abb13c
What is 3303345 (base 7) in base 15?
7ed1c
-212121021000011 (base 3) to base 4
-233312103022
-3212313023 (base 4) to base 15
-13a2ab
What is -22102010011 (base 3) in base 15?
-340cd
What is 21111120212011 (base 3) in base 13?
a97caa
Convert -1130a6 (base 13) to base 4.
-1203100311
-532ad (base 14) to base 7
-1464406
Convert 31513503 (base 6) to base 13.
2661cc
Convert -18585 (base 15) to base 11.
-54295
Convert -1033015 (base 7) to base 14.
-33c45
What is -22ac8 (base 13) in base 15?
-13b9a
1510702 (base 8) to base 10
430530
-12012010222210 (base 3) to base 9
-5163883
What is 27340143 (base 9) in base 15?
12b6d76
What is 50143 (base 10) in base 9?
75704
-11016262 (base 7) to base 6
-32134401
Convert 72413b (base 12) to base 7.
21134552
-21102111200 (base 3) to base 2
-100011101011111001
What is 23795a (base 11) in base 12?
161a68
Convert 104031 (base 5) to base 9.
4885
What is -c722b (base 13) in base 11?
-225377
Convert -211122201100 (base 3) to base 5.
-103232231
What is -11030021120 (base 4) in base 9?
-2503185
Convert -1794720 (base 10) to base 12.
-726740
Convert -100110001110100111 (base 2) to base 5.
-20002313
-11130222110 (base 4) to base 9
-2616005
Convert 279253 (base 12) to base 7.
5412315
Convert -11110101111000100 (base 2) to base 10.
-125892
Convert -495276 (base 16) to base 4.
-102111021312
What is -1033021314 (base 5) in base 8?
-10416672
What is 267881 (base 11) in base 15?
84817
Convert 2171360 (base 9) to base 11.
729222
501132022 (base 6) to base 7
131611346
What is 64605465 (base 7) in base 5?
2402432104
632c41 (base 15) to base 4
101333301010
What is 226426 (base 16) in base 14?
429542
Convert -1434325 (base 9) to base 5.
-200244002
-2023120232 (base 4) to base 12
-236492
Convert -130414544 (base 6) to base 10.
-2552896
Convert -1000110011111111001000 (base 2) to base 10.
-2310088
Convert -101101000010011110100 (base 2) to base 15.
-1e2438
-131323213210 (base 4) to base 13
-1819531
1aacc1 (base 14) to base 11
5a0235
Convert -40429 (base 13) to base 4.
-130010023
Convert -689a2c (base 14) to base 12.
-12388b4
21231435 (base 6) to base 16
98eaf
Convert -21110131003 (base 4) to base 16.
-254743
What is 15443614 (base 7) in base 6?
51533534
Convert -3724747 (base 11) to base 4.
-120231123220
What is 3a4a277 (base 11) in base 12?
2415501
Convert 4233117 (base 9) to base 6.
120321541
-6f065 (base 16) to base 6
-13425205
Convert 64152 (base 11) to base 3.
11202001100
What is 203453 (base 6) in base 14?
5d7b
What is -2311142202 (base 5) in base 4?
-103300013022
cc3198 (base 15) to base 4
211013212331
What is -69677 (base 10) in base 16?
-1102d
Convert 121022021201 (base 3) to base 16.
4e5c8
What is -190882 (base 10) in base 3?
-100200211201
-187354 (base 10) to base 15
-3a7a4
-8322446 (base 9) to base 11
-2565616
What is 4254266 (base 9) in base 14?
434b93
-797754 (base 11) to base 6
-43112341
110b78 (base 12) to base 9
453062
What is 3071462 (base 12) in base 14?
12d0478
What is 110101000001101011101100 (base 2) in base 3?
222011012221020
What is 1110000001001011101 (base 2) in base 13?
131112
Convert 1415729 (base 10) to base 12.
583355
Convert 370573 (base 8) to base 13.
45c77
78ea6 (base 15) to base 3
201112200110
What is -311200430 (base 5) in base 13?
-356c75
Convert -14a964e (base 15) to base 7.
-241132106
Convert 11313201321 (base 4) to base 8.
5674171
What is 2144242044 (base 5) in base 10?
4680899
Convert 2756 (base 8) to base 15.
6b3
What is 23012113120 (base 4) in base 3?
12110211022001
Convert 361215 (base 8) to base 2.
11110001010001101
Convert 20312203022 (base 4)